7 - -17) + 9 + 15?
19
What is 4 + 3 + (-22 - -18)?
3
What is -23 + (2 + 0 + 9 - (-469 + 491))?
-34
What is the value of (-2 - -7) + 8 + 6 + -23 + -2?
-6
Evaluate -9 + (0 - -3) - (-1 - (-2 - -7)).
0
What is the value of (-65 - (-2 + -57)) + -2 + 11?
3
4 + (2 - -24 - ((5 - 18) + 11))
32
What is the value of 6 + 0 + -10 + -19 + 9?
-14
(3 - 1) + (-1 - 15 - 11)
-25
-12 + 3 + 15 + 8 + -23
-9
Calculate (-6 + 11 - 20) + 16.
1
What is the value of -2 - (11 - (3 - (-5 - -5) - -3))?
-7
15 + -36 + 12 + -10 + 13
-6
Calculate 6 - 0 - (50 - 24 - (-2 - -8)).
-14
(1 - (3 + 0 + -8 + 4)) + 1
3
Calculate 16 - (15 - (8 - 12)).
-3
7 + -2 + -5 + 0 + -6 - -17
11
69 + -76 - ((-24 - -3) + -2)
16
Calculate (-12 - -7) + (5 - -4 - 4) + -8.
-8
Evaluate (-23 - 0 - -49) + -27.
-1
Calculate 56 + -62 + (2 - -2).
-2
What is the value of -2 - -36 - ((11 + -7 - 9) + 14)?
25
Calculate -13 + (15 - -23) + -41.
-16
What is the value of 3 + -34 + (-6 + 10 - -8)?
-19
(-15 - (-14 + 7)) + 13
5
What is (2 - 4 - (7 - 9)) + -4 + 0?
-4
Evaluate (-2 - (-1 - -5) - 0) + -13 + 16.
-3
What is (1 - (10 - 8)) + 11 - 6?
4
What is the value of (-159 - -182) + 3 + -43?
-17
What is the value of (9 - (1 - -9 - (-64 - -64))) + 9?
8
Calculate 1 - 4 - (-28 + 33).
-8
Calculate -5 + (-51 - (-53 - -14)).
-17
(21 + -13 - 6 - (0 + 8)) + 11
5
What is the value of 4 - (15 - (32 + -12))?
9
What is 55 - (89 + -27) - (1 - -9)?
-17
Evaluate (-16 - -7) + (-1 + 2 - -2).
-6
Evaluate -42 + 0 - (-2143 - -2063).
38
9 + -9 + 1 - (2 + -11)
10
What is 20 + (-1 - 1) - (108 - 60 - 48)?
18
Calculate (6 - 2) + 0 + 0 - (17 + -38).
25
What is the value of -3 + (-2 - (1 + 3)) + -8 + 8?
-9
What is 15 - (-11 + 46) - (-2 + 8)?
-26
What is (-4 - ((4 - -6) + -17)) + 6?
9
-3 + -7 - (-11 + 18 - (1 + -5))
-21
What is 43 + (-20 - (-5 + -7)) - 11?
24
What is (-1 - (9 + 3)) + 11?
-2
What is 10 + (32 - (-10 - -52))?
0
(6 - -8 - 21) + 19
12
Calculate -18 + 9 + 39 - 37.
-7
What is 12 - (17 + -15 + 2)?
8
Evaluate 9 + 13 - 36 - -19.
5
What is the value of -9 + (6 + -22 - -12) + -10?
-23
Evaluate 3 - 21 - (0 + 17 + -21).
-14
Evaluate 2 - 31 - -25 - 6.
-10
9 + 0 - (18 - (5 - -21)) - 10
7
What is the value of 3 - 2 - ((-7 - -4) + -6)?
10
Evaluate 2 + 6 + 18 + (10 - 20).
16
Evaluate 0 + (1 - 8) - (-72 - -54).
11
-8 + (10 + -4 - -1) + 1 + 11
11
Evaluate 12 + 4 + (11 - 3 - 7) + -7.
10
Evaluate 10 - (10 - 4) - (1 + -1 + 11).
-7
What is (-7 - 10) + 41 - 51?
-27
Evaluate 7 + -12 + 9 - 13 - 14.
-23
What is the value of 250 + -244 + (-16 - ((-1 - 1) + 2))?
-10
13 + 8 + 0 + (-3 - 1)
17
Evaluate 7 - (-1 + -8) - 30.
-14
19 + -31 + -7 + 28
9
Calculate -6 - (-9 + 17) - -6.
-8
Calculate 48 + -42 + -1 + (-2 - -6) + -19.
-10
-16 + 25 + (-15 - 6) + 7 + -7
-12
What is the value of 12 + 0 - (10 + -4 + -6)?
12
What is the value of (-12 - -2) + 0 + 12 + -16?
-14
What is 0 - (-10 + 4 + -3 - 15)?
24
What is (-13 - (15 + -9)) + 3 + -1 + 3?
-14
What is -6 - (15 - (-6 + -4 + 20))?
-11
(1 - 4) + -1 + 5
1
What is -7 - (2 + 2 - (-5 - -20 - 7))?
-3
Calculate -4 + (-17 - -9 - (-9 + 3 + -2)).
-4
Calculate 5 - (-6 - (5 + 0 - (2 + 8))).
6
What is -10 + 10 + 23 + -7?
16
Evaluate (3 - 4) + 13 + -6.
6
-2 + -6 + (38 - 26)
4
What is 42 + -43 + 36 - 52?
-17
What is (32 - (34 - 17)) + -28?
-13
Calculate (0 - -4) + (-4 - (5 + 3 + 0)).
-8
What is the value of 8 + -9 + 0 + (1 - 0 - 21)?
-21
Calculate 6 + (1 - -1) - (0 + 1).
7
Evaluate 44 + -100 + (-3 - -24).
-35
What is -5 + 0 - (15 + -12) - (-33 + 38)?
-13
Calculate (2 + -12 - 7) + (-2 - -9) + 35.
25
What is -18 + 5 + (-40 + 36 - (-7 + 1))?
-11
37 - 68 - -37 - 28
-22
Calculate (-9 - 0) + 10 + -3 - 5.
-7
What is (2 - -40) + -12 - 20?
10
Evaluate 3 - (-9 - (5 + -11 + 6)).
12
What is the value of (-42 - (-60 + 38)) + 8?
-12
Evaluate 4 - (9 + (-11 - -7)).
-1
Evaluate (1 - 4) + (4 - (3 - -4 - -5)).
-11
7 + (-10 - 15) - 7
-25
What is the value of -5 + (5 - 6) + 14 + 3 + 0?
11
Calculate 7 + -11 + (-16 - -31).
11
Calculate (142 - 132) + 3 + 4.
17
Calculate (-1 - -2) + (-29 - -29) + -7 - -31.
25
Calculate -30 - -14 - -5 - (-45 - -5).
29
(-15 + -5 - 6) + 2 - (20 - 28)
-16
What is 2 + 6 - (4 - 10 - -35)?
-21
What is 5 - (12 + -48) - (20 + -5)?
26
What is (2 - 1 - (2 - 2)) + (-58 - -61)?
4
Evaluate -40 + 44 + 32 + -23.
13
Calculate (-2 - -1) + (64 - (52 + 28)).
-17
Evaluate -14 + ((-14 - -6) + 20 - 5).
-7
Evaluate 1 + (-2 - -3) + -36 + 22.
-12
Evaluate -69 + (38 - (-19 - -13)).
-25
Evaluate (7 + -6 - 2) + (-5 - -5) + 13.
12
Evaluate 18 - (14 + 12 - -19).
-27
Calculate (5 - -2) + -2 + 0.
5
(44 - 55 - (-1 - -7)) + 3
-14
Calculate -69 - -56 - (-13 - -1).
-1
Evaluate 9 + -23 + 5 - (4 - 7) - 18.
-24
What is the value of -16 + 10 + (3 - 1) + 41 + -27?
10
What is (-7 - 12 - -21) + 1 + 5?
8
What is the value of 6 - (-3 - 6 - -7 - -3)?
5
Calculate -6 + (7 - (10 - 20)) - 18.
-7
16 - (-7 + 14) - (-18 - -5)
22
Evaluate -10 + 37 + -34 - -32.
25
What is the value of 24 - (6 - 3 - (-10 + 7 + 1))?
19
What is -21 + 9 + 0 - -21?
9
(-1 - (-2 + 6 - 8)) + -9 + -3
-9
What is 4 - (9 - (-14 + 12))?
-7
What is 5 + (5 - ((86 - 85) + 0 + -1))?
10
What is 6 - -14 - (1 + 13)?
6
What is the value of (-138 + 128 - (-4 - 1)) + -14?
-19
What is the value of (-5 - ((14 - 5) + -18)) + 8?
12
What is 11 + (-24 + 22 - 7)?
2
-57 - -33 - -50 - (4 + -2)
24
Evaluate (4 - (18 + -38)) + -12.
12
What is the value of -43 - 10 - -39 - (1 - 16)?
1
-1 + -7 + 7 - (1 + -1 + -3)
2
What is the value of 8 - 29 - (25 + -55)?
9
Calculate 10 + 5 + -14 - (0 - -6) - -23.
18
Calculate -2 + -6 + (0 - 4) + 15 + -10.
-7
What is the value of -3 + (-7 - 4) + 23 + (3 - 16)?
-4
2 + -6 + -11 + 21 + -6
0
What is the value of 42 + (-27 + 16 - (1 + -5 + -4))?
39
What is (0 - 14) + 219 + -199?
6
-2 + -9 + 14 + 9 + 8
20
Evaluate 33 - ((0 - -11) + -8 + 5 - -2).
23
(18 - (46 - 38)) + (1 - 5 - -1)
7
(15 - 8 - 11) + 6 - (-1 + 22)
-19
11 - (1 - (-1 + 4) - (-142 - -142))
13
Evaluate 3 + 5 + (16 - 7 - 10).
7
Calculate (-20 - (-42 - 27)) + -4 + -10.
35
Calculate -14 + (11 + 2 - (4 - -16)).
-21
-7 + 73 + -52 + (6 + 0 - 1)
19
-12 + (-11 - -9) - (5 + 0)
-19
What is -6 + -1 - (-18 - (-96 - -90))?
5
Calculate 142 - 96 - (25 + -4).
25
Evaluate 3 - (-3 + (20 - (6 - 13 - -9))).
-12
Evaluate -17 + -5 + 5 + (18 + -6 - 8).
-13
Evaluate 37 + -63 + 16 - (-36 - (1 + -1)).
26
Evaluate (-1 + 7 - 1) + 1 - (8 + -6).
4
What is 1 + 3 + (22 - 33) + -1?
-8
What is (0 - 6 - (25 - 33)) + -1 + 1?
2
Evaluate -12 + 9 - 37 - (-1 - 12).
-27
Evaluate 14 + -18 + 0 + (-2 - -32) - 3.
23
Calculate -26 - (7 - 36) - (-14 + -1).
18
7 - (5 + -7) - (42 - 36)
3
What is the value of 9 + 0 + (-2 - -4) + 13 + 1?
25
What is 20 - 18 - 5 - -2?
-1
Calculate -21 - (23 + -34 - -16).
-26
Evaluate (-15 - (-6 - 7)) + -6.
-8
What is -17 - (-12 + -3 - (13 + -10) - -7)?
-6
What is the value of (5 - -1) + 2 + 5 + -6?
7
What is -7 + -2 + -9 - -15?
-3
What is (-2 - -17 - (11 - 3)) + 9?
16
What is the value of -1 - -1 - (-71 + 66)?
5
-3 + 19 + -19 + 21 + -8
10
Calculate 18 + (-4 - (15 - 4) - -18).
21
Evaluate (23 - -2) + -24 - 21.
-20
Evaluate (-4 + -1 - -7) + 7 + (13 - 3).
19
Evaluate -10 + 15 + 3 + 5 + 0.
13
Evaluate -15 - (15 - 23 - 22) - (-1 - -4).
12
What is the value of -34 - (-16 - (-21 + 16))?
-23
-3 + -17 + (14 - (1 - -15))
-22
What is the value of (-9 - ((3 - -6) + -19)) + (2 - -1)?
4
What is 4 + (1 + -8 + 8 + 3 - 6)?
2
Evaluate -7 - 7 - -12 - 0 - 26.
-28
What is 5 + 21 + 30 + -28?
28
-1 - 10 - 24 - -55
20
Calculate 26 - (-36 + 80) - -17.
-1
Evaluate -12 - -20 - (0 - -6) - 3.
-1
Evaluate 3 + 8 - (-2 - -15).
-2
Calculate -33 + -20 + 24 + 24.
-5
Calculate (-53 - (8 + -21) - (5 - 3)) + 6.
-36
What is the value of 7 - (8 - (12 + 0))?
11
Calculate 29 + -15 + 6 - (7 + 2).
11
What is the value of (3 - (24 - 8)) + 18?
5
14 + (-20 - -32 - 44)
-18
Calculate 1 - ((5 - 7 - (-5 + -4)) + -11).
5
What is 75 + -58 - (-9 + 20)?
6
What is -1 + 1 - -3 - (-21 + 20)?
4
What is the value of -31 - (2 + -29 + -13)?
9
6 - ((9 + 7 - 1) + -9 - 6)
6
10 + -13 + 6 + (22 - 13)
12
What is -4 - (16 + 15 + -20 + 10)?
-25
What is 6 + -16 + (1 + -7 - -8) - 8?
-16
What is the value of (-21 + 43 - 25) + (-18 - -1)?
-20
Calculate 33 + -28 + (-2 - 11) + (-8 - -1).
-15
What is (-6 - ((2 - -4) + -4)) + -14 + 6?
-16
2 + -26 + 14 - -5
-5
What is 14 + 4 + (-6 - (1 + 3))?
8
Calculate (30 - (42 - 37 - (1 + 4))) + -9.
21
Wha